{"id":576,"date":"2021-08-01T14:11:43","date_gmt":"2021-08-01T12:11:43","guid":{"rendered":"https:\/\/ww2.hotel-alt-annaberg.de\/home\/?page_id=576"},"modified":"2021-08-01T14:32:28","modified_gmt":"2021-08-01T12:32:28","slug":"romantiksuite-2","status":"publish","type":"page","link":"https:\/\/ww2.hotel-alt-annaberg.de\/?page_id=576","title":{"rendered":"Romantiksuite"},"content":{"rendered":"\t\t<div data-elementor-type=\"wp-page\" data-elementor-id=\"576\" class=\"elementor elementor-576\">\n\t\t\t\t\t\t\t\t\t<section class=\"elementor-section elementor-top-section elementor-element elementor-element-fe7a2a6 elementor-section-boxed elementor-section-height-default elementor-section-height-default\" data-id=\"fe7a2a6\" data-element_type=\"section\">\n\t\t\t\t\t\t<div class=\"elementor-container elementor-column-gap-default\">\n\t\t\t\t\t<div class=\"elementor-column elementor-col-100 elementor-top-column elementor-element elementor-element-d20a065\" data-id=\"d20a065\" data-element_type=\"column\">\n\t\t\t<div class=\"elementor-widget-wrap elementor-element-populated\">\n\t\t\t\t\t\t\t\t<div class=\"elementor-element elementor-element-4d08aac elementor-widget elementor-widget-text-editor\" data-id=\"4d08aac\" data-element_type=\"widget\" data-widget_type=\"text-editor.default\">\n\t\t\t\t<div class=\"elementor-widget-container\">\n\t\t\t\t\t\t\t<div class=\"\"><span class=\"\">Unsere Romantiksuite f\u00fcr Paare, die den Luxus eines Himmelbettes lieben. <\/span><\/div><div>\u00a0<\/div><div class=\"\"><span class=\"\">Sie liegt im 1. Stock und ist 43 qm gro\u00df. Zentrales Element im gro\u00dfen Schlafzimmer ist das wei\u00dfe Himmelbett, dazu kommen Flur, Wohnzimmer mit Sitzecke und Ess-\/Arbeitstisch, K\u00fcche und Bad. Im Wohnzimmer ist eine Aufbettung zum Doppelbett auf einer Schlafcouch m\u00f6glich. Im Schlafzimmer haben auch noch Kinder auf einer Liefe oder in einem Kinderbettchen Platz. Eine Kaffeepadmaschine mit Pads und eine Flasche Mineralwasser stehen kostenfrei f\u00fcr Sie bereit.<\/span><\/div><div>\u00a0<\/div><div class=\"\"><span class=\"\">Letzte Renovierung: Mai 2020<\/span><\/div>\t\t\t\t\t\t<\/div>\n\t\t\t\t<\/div>\n\t\t\t\t\t<\/div>\n\t\t<\/div>\n\t\t\t\t\t\t\t<\/div>\n\t\t<\/section>\n\t\t\t\t<section class=\"elementor-section elementor-top-section elementor-element elementor-element-9d27053 elementor-section-boxed elementor-section-height-default elementor-section-height-default\" data-id=\"9d27053\" data-element_type=\"section\">\n\t\t\t\t\t\t<div class=\"elementor-container elementor-column-gap-default\">\n\t\t\t\t\t<div class=\"elementor-column elementor-col-100 elementor-top-column elementor-element elementor-element-43fd93a\" data-id=\"43fd93a\" data-element_type=\"column\">\n\t\t\t<div class=\"elementor-widget-wrap elementor-element-populated\">\n\t\t\t\t\t\t\t\t<div class=\"elementor-element elementor-element-1fd4e78 elementor-widget elementor-widget-image-gallery\" data-id=\"1fd4e78\" data-element_type=\"widget\" data-widget_type=\"image-gallery.default\">\n\t\t\t\t<div class=\"elementor-widget-container\">\n\t\t\t\t\t<div class=\"elementor-image-gallery\">\n\t\t\t<div class=\"gallery gallery-576-1\"><div class=\"row gallery-row\"><div class=\"col-sm-4 col-lg-4\"><img loading=\"lazy\" decoding=\"async\" width=\"394\" height=\"394\" src=\"https:\/\/ww2.hotel-alt-annaberg.de\/wp-content\/uploads\/2021\/08\/romantiksuite1-394x394.jpg\" class=\"thumbnail img-thumbnail test\" alt=\"\" srcset=\"https:\/\/ww2.hotel-alt-annaberg.de\/wp-content\/uploads\/2021\/08\/romantiksuite1-394x394.jpg 394w, https:\/\/ww2.hotel-alt-annaberg.de\/wp-content\/uploads\/2021\/08\/romantiksuite1-150x150.jpg 150w, https:\/\/ww2.hotel-alt-annaberg.de\/wp-content\/uploads\/2021\/08\/romantiksuite1-605x605.jpg 605w\" sizes=\"auto, (max-width: 394px) 100vw, 394px\" \/><\/div><div class=\"col-sm-4 col-lg-4\"><img loading=\"lazy\" decoding=\"async\" width=\"394\" height=\"394\" src=\"https:\/\/ww2.hotel-alt-annaberg.de\/wp-content\/uploads\/2021\/06\/163739789-394x394.jpg\" class=\"thumbnail img-thumbnail test\" alt=\"\" srcset=\"https:\/\/ww2.hotel-alt-annaberg.de\/wp-content\/uploads\/2021\/06\/163739789-394x394.jpg 394w, https:\/\/ww2.hotel-alt-annaberg.de\/wp-content\/uploads\/2021\/06\/163739789-150x150.jpg 150w, https:\/\/ww2.hotel-alt-annaberg.de\/wp-content\/uploads\/2021\/06\/163739789-605x605.jpg 605w\" sizes=\"auto, (max-width: 394px) 100vw, 394px\" \/><\/div><div class=\"col-sm-4 col-lg-4\"><img loading=\"lazy\" decoding=\"async\" width=\"394\" height=\"394\" src=\"https:\/\/ww2.hotel-alt-annaberg.de\/wp-content\/uploads\/2021\/08\/Himmelbett-394x394.jpg\" class=\"thumbnail img-thumbnail test\" alt=\"\" srcset=\"https:\/\/ww2.hotel-alt-annaberg.de\/wp-content\/uploads\/2021\/08\/Himmelbett-394x394.jpg 394w, https:\/\/ww2.hotel-alt-annaberg.de\/wp-content\/uploads\/2021\/08\/Himmelbett-300x300.jpg 300w, https:\/\/ww2.hotel-alt-annaberg.de\/wp-content\/uploads\/2021\/08\/Himmelbett-1024x1024.jpg 1024w, https:\/\/ww2.hotel-alt-annaberg.de\/wp-content\/uploads\/2021\/08\/Himmelbett-150x150.jpg 150w, https:\/\/ww2.hotel-alt-annaberg.de\/wp-content\/uploads\/2021\/08\/Himmelbett-768x768.jpg 768w, https:\/\/ww2.hotel-alt-annaberg.de\/wp-content\/uploads\/2021\/08\/Himmelbett-1536x1536.jpg 1536w, https:\/\/ww2.hotel-alt-annaberg.de\/wp-content\/uploads\/2021\/08\/Himmelbett-2048x2048.jpg 2048w, https:\/\/ww2.hotel-alt-annaberg.de\/wp-content\/uploads\/2021\/08\/Himmelbett-40x40.jpg 40w, https:\/\/ww2.hotel-alt-annaberg.de\/wp-content\/uploads\/2021\/08\/Himmelbett-80x80.jpg 80w, https:\/\/ww2.hotel-alt-annaberg.de\/wp-content\/uploads\/2021\/08\/Himmelbett-303x303.jpg 303w, https:\/\/ww2.hotel-alt-annaberg.de\/wp-content\/uploads\/2021\/08\/Himmelbett-605x605.jpg 605w, https:\/\/ww2.hotel-alt-annaberg.de\/wp-content\/uploads\/2021\/08\/Himmelbett-700x700.jpg 700w, https:\/\/ww2.hotel-alt-annaberg.de\/wp-content\/uploads\/2021\/08\/Himmelbett-950x950.jpg 950w, https:\/\/ww2.hotel-alt-annaberg.de\/wp-content\/uploads\/2021\/08\/Himmelbett-1080x1080.jpg 1080w\" sizes=\"auto, (max-width: 394px) 100vw, 394px\" \/><\/div><\/div><\/div>\t\t<\/div>\n\t\t\t\t<\/div>\n\t\t\t\t<\/div>\n\t\t\t\t\t<\/div>\n\t\t<\/div>\n\t\t\t\t\t\t\t<\/div>\n\t\t<\/section>\n\t\t\t\t\t\t\t<\/div>\n\t\t","protected":false},"excerpt":{"rendered":"<p>Unsere Romantiksuite f\u00fcr Paare, die den Luxus eines Himmelbettes lieben. \u00a0Sie liegt im 1. Stock und ist 43 qm gro\u00df. Zentrales Element im gro\u00dfen Schlafzimmer ist das wei\u00dfe Himmelbett, dazu kommen Flur, Wohnzimmer mit Sitzecke und Ess-\/Arbeitstisch, K\u00fcche und Bad. &hellip; <a href=\"https:\/\/ww2.hotel-alt-annaberg.de\/?page_id=576\">Read More<\/a><\/p>\n","protected":false},"author":1,"featured_media":0,"parent":0,"menu_order":0,"comment_status":"closed","ping_status":"closed","template":"","meta":{"footnotes":""},"class_list":["post-576","page","type-page","status-publish","hentry"],"_links":{"self":[{"href":"https:\/\/ww2.hotel-alt-annaberg.de\/index.php?rest_route=\/wp\/v2\/pages\/576","targetHints":{"allow":["GET"]}}],"collection":[{"href":"https:\/\/ww2.hotel-alt-annaberg.de\/index.php?rest_route=\/wp\/v2\/pages"}],"about":[{"href":"https:\/\/ww2.hotel-alt-annaberg.de\/index.php?rest_route=\/wp\/v2\/types\/page"}],"author":[{"embeddable":true,"href":"https:\/\/ww2.hotel-alt-annaberg.de\/index.php?rest_route=\/wp\/v2\/users\/1"}],"replies":[{"embeddable":true,"href":"https:\/\/ww2.hotel-alt-annaberg.de\/index.php?rest_route=%2Fwp%2Fv2%2Fcomments&post=576"}],"version-history":[{"count":16,"href":"https:\/\/ww2.hotel-alt-annaberg.de\/index.php?rest_route=\/wp\/v2\/pages\/576\/revisions"}],"predecessor-version":[{"id":624,"href":"https:\/\/ww2.hotel-alt-annaberg.de\/index.php?rest_route=\/wp\/v2\/pages\/576\/revisions\/624"}],"wp:attachment":[{"href":"https:\/\/ww2.hotel-alt-annaberg.de\/index.php?rest_route=%2Fwp%2Fv2%2Fmedia&parent=576"}],"curies":[{"name":"wp","href":"https:\/\/api.w.org\/{rel}","templated":true}]}}