{"id":573,"date":"2021-08-01T14:11:27","date_gmt":"2021-08-01T12:11:27","guid":{"rendered":"https:\/\/ww2.hotel-alt-annaberg.de\/home\/?page_id=573"},"modified":"2021-08-01T14:32:49","modified_gmt":"2021-08-01T12:32:49","slug":"appartements","status":"publish","type":"page","link":"https:\/\/ww2.hotel-alt-annaberg.de\/?page_id=573","title":{"rendered":"Appartements"},"content":{"rendered":"\t\t<div data-elementor-type=\"wp-page\" data-elementor-id=\"573\" class=\"elementor elementor-573\">\n\t\t\t\t\t\t\t\t\t<section class=\"elementor-section elementor-top-section elementor-element elementor-element-b060f45 elementor-section-boxed elementor-section-height-default elementor-section-height-default\" data-id=\"b060f45\" data-element_type=\"section\">\n\t\t\t\t\t\t<div class=\"elementor-container elementor-column-gap-default\">\n\t\t\t\t\t<div class=\"elementor-column elementor-col-100 elementor-top-column elementor-element elementor-element-2c4b8c5\" data-id=\"2c4b8c5\" data-element_type=\"column\">\n\t\t\t<div class=\"elementor-widget-wrap elementor-element-populated\">\n\t\t\t\t\t\t\t\t<div class=\"elementor-element elementor-element-37585b5 elementor-widget elementor-widget-text-editor\" data-id=\"37585b5\" data-element_type=\"widget\" data-widget_type=\"text-editor.default\">\n\t\t\t\t<div class=\"elementor-widget-container\">\n\t\t\t\t\t\t\t<div class=\"\"><span class=\"\">Unsere drei Hotelappartements liegen im 1. und 2. Stock und sind zwischen 43 und 56 qm gro\u00df.<\/span><\/div><div>\u00a0<\/div><div class=\"\"><span class=\"\"> Sie bestehen aus Flur, Wohnzimmer mit Sitzecke und Ess-\/Arbeitstisch, Schlafzimmer mit getrennt stehenden Betten, voll ausgestatteter K\u00fcche und Bad. Im Wohnzimmer ist eine Aufbettung zum Doppelbett auf einer Schlafcouch m\u00f6glich, in einem der Appartements stehen f\u00fcr unsere kleinen G\u00e4sten ein Gitterbettchen, ein Hochstuhl, Flaschen-\/Gl\u00e4schenw\u00e4rmer, T\u00f6pfchen und Waschbeckentreppe sowie eine Wickelauflage bereit. Eine Kaffeepadmaschine mit Pads und eine Flasche Mineralwasser stehen kostenfrei f\u00fcr Sie bereit.<\/span><\/div><div>\u00a0<\/div><div class=\"\"><span class=\"\">Letzte Renovierung: Mai 2020<\/span><\/div>\t\t\t\t\t\t<\/div>\n\t\t\t\t<\/div>\n\t\t\t\t\t<\/div>\n\t\t<\/div>\n\t\t\t\t\t\t\t<\/div>\n\t\t<\/section>\n\t\t\t\t<section class=\"elementor-section elementor-top-section elementor-element elementor-element-3e123cf elementor-section-boxed elementor-section-height-default elementor-section-height-default\" data-id=\"3e123cf\" data-element_type=\"section\">\n\t\t\t\t\t\t<div class=\"elementor-container elementor-column-gap-default\">\n\t\t\t\t\t<div class=\"elementor-column elementor-col-100 elementor-top-column elementor-element elementor-element-8b58d05\" data-id=\"8b58d05\" data-element_type=\"column\">\n\t\t\t<div class=\"elementor-widget-wrap elementor-element-populated\">\n\t\t\t\t\t\t\t\t<div class=\"elementor-element elementor-element-fb47be9 elementor-widget elementor-widget-image-gallery\" data-id=\"fb47be9\" data-element_type=\"widget\" data-widget_type=\"image-gallery.default\">\n\t\t\t\t<div class=\"elementor-widget-container\">\n\t\t\t\t\t<div class=\"elementor-image-gallery\">\n\t\t\t<div class=\"gallery gallery-573-1\"><div class=\"row gallery-row\"><div class=\"col-sm-4 col-lg-4\"><img loading=\"lazy\" decoding=\"async\" width=\"394\" height=\"394\" src=\"https:\/\/ww2.hotel-alt-annaberg.de\/wp-content\/uploads\/2021\/08\/Appartement-394x394.jpg\" class=\"thumbnail img-thumbnail test\" alt=\"\" srcset=\"https:\/\/ww2.hotel-alt-annaberg.de\/wp-content\/uploads\/2021\/08\/Appartement-394x394.jpg 394w, https:\/\/ww2.hotel-alt-annaberg.de\/wp-content\/uploads\/2021\/08\/Appartement-150x150.jpg 150w, https:\/\/ww2.hotel-alt-annaberg.de\/wp-content\/uploads\/2021\/08\/Appartement-605x605.jpg 605w\" sizes=\"auto, (max-width: 394px) 100vw, 394px\" \/><\/div><div class=\"col-sm-4 col-lg-4\"><img loading=\"lazy\" decoding=\"async\" width=\"394\" height=\"394\" src=\"https:\/\/ww2.hotel-alt-annaberg.de\/wp-content\/uploads\/2021\/06\/122371578-394x394.jpg\" class=\"thumbnail img-thumbnail test\" alt=\"\" srcset=\"https:\/\/ww2.hotel-alt-annaberg.de\/wp-content\/uploads\/2021\/06\/122371578-394x394.jpg 394w, https:\/\/ww2.hotel-alt-annaberg.de\/wp-content\/uploads\/2021\/06\/122371578-300x300.jpg 300w, https:\/\/ww2.hotel-alt-annaberg.de\/wp-content\/uploads\/2021\/06\/122371578-150x150.jpg 150w, https:\/\/ww2.hotel-alt-annaberg.de\/wp-content\/uploads\/2021\/06\/122371578-40x40.jpg 40w, https:\/\/ww2.hotel-alt-annaberg.de\/wp-content\/uploads\/2021\/06\/122371578-80x80.jpg 80w, https:\/\/ww2.hotel-alt-annaberg.de\/wp-content\/uploads\/2021\/06\/122371578-303x303.jpg 303w, https:\/\/ww2.hotel-alt-annaberg.de\/wp-content\/uploads\/2021\/06\/122371578-605x605.jpg 605w, https:\/\/ww2.hotel-alt-annaberg.de\/wp-content\/uploads\/2021\/06\/122371578-700x700.jpg 700w, https:\/\/ww2.hotel-alt-annaberg.de\/wp-content\/uploads\/2021\/06\/122371578.jpg 768w\" sizes=\"auto, (max-width: 394px) 100vw, 394px\" \/><\/div><div class=\"col-sm-4 col-lg-4\"><img loading=\"lazy\" decoding=\"async\" width=\"394\" height=\"394\" src=\"https:\/\/ww2.hotel-alt-annaberg.de\/wp-content\/uploads\/2021\/06\/163661112-394x394.jpg\" class=\"thumbnail img-thumbnail test\" alt=\"\" srcset=\"https:\/\/ww2.hotel-alt-annaberg.de\/wp-content\/uploads\/2021\/06\/163661112-394x394.jpg 394w, https:\/\/ww2.hotel-alt-annaberg.de\/wp-content\/uploads\/2021\/06\/163661112-150x150.jpg 150w\" sizes=\"auto, (max-width: 394px) 100vw, 394px\" \/><\/div><\/div><\/div>\t\t<\/div>\n\t\t\t\t<\/div>\n\t\t\t\t<\/div>\n\t\t\t\t\t<\/div>\n\t\t<\/div>\n\t\t\t\t\t\t\t<\/div>\n\t\t<\/section>\n\t\t\t\t\t\t\t<\/div>\n\t\t","protected":false},"excerpt":{"rendered":"<p>Unsere drei Hotelappartements liegen im 1. und 2. Stock und sind zwischen 43 und 56 qm gro\u00df.\u00a0 Sie bestehen aus Flur, Wohnzimmer mit Sitzecke und Ess-\/Arbeitstisch, Schlafzimmer mit getrennt stehenden Betten, voll ausgestatteter K\u00fcche und Bad. Im Wohnzimmer ist eine &hellip; <a href=\"https:\/\/ww2.hotel-alt-annaberg.de\/?page_id=573\">Read More<\/a><\/p>\n","protected":false},"author":1,"featured_media":0,"parent":0,"menu_order":0,"comment_status":"closed","ping_status":"closed","template":"","meta":{"footnotes":""},"class_list":["post-573","page","type-page","status-publish","hentry"],"_links":{"self":[{"href":"https:\/\/ww2.hotel-alt-annaberg.de\/index.php?rest_route=\/wp\/v2\/pages\/573","targetHints":{"allow":["GET"]}}],"collection":[{"href":"https:\/\/ww2.hotel-alt-annaberg.de\/index.php?rest_route=\/wp\/v2\/pages"}],"about":[{"href":"https:\/\/ww2.hotel-alt-annaberg.de\/index.php?rest_route=\/wp\/v2\/types\/page"}],"author":[{"embeddable":true,"href":"https:\/\/ww2.hotel-alt-annaberg.de\/index.php?rest_route=\/wp\/v2\/users\/1"}],"replies":[{"embeddable":true,"href":"https:\/\/ww2.hotel-alt-annaberg.de\/index.php?rest_route=%2Fwp%2Fv2%2Fcomments&post=573"}],"version-history":[{"count":16,"href":"https:\/\/ww2.hotel-alt-annaberg.de\/index.php?rest_route=\/wp\/v2\/pages\/573\/revisions"}],"predecessor-version":[{"id":627,"href":"https:\/\/ww2.hotel-alt-annaberg.de\/index.php?rest_route=\/wp\/v2\/pages\/573\/revisions\/627"}],"wp:attachment":[{"href":"https:\/\/ww2.hotel-alt-annaberg.de\/index.php?rest_route=%2Fwp%2Fv2%2Fmedia&parent=573"}],"curies":[{"name":"wp","href":"https:\/\/api.w.org\/{rel}","templated":true}]}}